vative of 0 + 1/6*o**3 - 1/2*o**2 - 10*o. Let c(y) = y**3 + 5*y**2 + 4*y + 4. Let w be c(-4). Determine d(w).
3
Let h(d) = -4*d**2 + 3*d + 2. Let l(y) = -9*y - 435. Let k be l(-48). Calculate h(k).
-43
Let p(a) = a**2 + 3*a + 4. Let z be p(-7). Let r = -28 + z. Let w(m) = 6*m**2 - r*m + 11*m**3 - m + 2 - 12*m**3. Give w(5).
2
Let q(x) be the third derivative of x**5/15 + x**4/24 - x**2. Let v(f) = -f + 10. Let g be v(9). Suppose 4 = 3*k + g. Calculate q(k).
5
Let x(c) = 2*c**2 - c**2 + 5*c + 2 - 11*c. Let k = 23 + -20. Give x(k).
-7
Let c(j) = -j**2 + j - 1. Let v(m) be the third derivative of m**5/12 - m**4/8 + m**3/6 + 2*m**2. Let d(h) = 4*c(h) + v(h). Let k = -18 + 18. Give d(k).
-3
Let v = 2 - 10. Let h(p) be the third derivative of p**4/12 + 4*p**3/3 - 41*p**2 + 2*p. Determine h(v).
-8
Let d(q) = -5*q**2. Let o be (-10)/(20/(-8) + 4 - 2). Let m = o + -21. Calculate d(m).
-5
Let b(l) = l**3 + 3*l**2 - 7*l - 7. Suppose -g + 20 = -5*f, -13*g + 10*g = 15. Calculate b(f).
-22
Let v(s) be the second derivative of s**4/4 - 13*s**3/6 + 3*s**2/2 + 239*s. What is v(6)?
33
Let q(s) = 5*s**2 - 12*s + 1. Let l(h) = 6*h**2 - 14*h + 2. Let w(f) = 4*l(f) - 5*q(f). Let g(t) = -t. Let v be g(5). Let x = v + 10. What is w(x)?
-2
Let j(o) = o**2 - 5*o. Suppose 24 = 4*s + 4*l, 0 = 4*s - 0*s + 2*l - 24. Suppose s*n = 3*n - 24. Let z = 13 + n. What is j(z)?
0
Let c(s) = 5*s**3 - 6*s**2 - s + 4. Let f(g) = 11*g**3 + g**2 + 0*g**3 - 3*g**2 + 7 - 10*g**2 - 2*g. Let q(u) = 9*c(u) - 4*f(u). Determine q(6).
2
Let o be (-8)/(-6)*36/24. Let y(u) = -1 - o + 2 + 0 - 3*u. Determine y(-3).
8
Let u(k) = 48 - k + 4*k - 2*k - 44. Suppose x + 4 + 1 = n, 3*x + 6 = 0. Calculate u(n).
7
Let r(h) be the second derivative of -h**5/20 - 11*h**4/12 + 7*h**3/3 + 12*h**2 - 36*h. Let k be r(-12). Let p(s) = -s**3 + s**2 - s + 27. Give p(k).
27
Let b(p) = -p**2 - 2*p - 1. Suppose -x + 14 = 4*u - 13, -u - x = -3. Suppose -u*y = 1 + 15. Determine b(y).
-1
Let b(g) = g + 3. Let c be 1395/495 - 2/(-11). What is b(c)?
6
Let v(x) = -x**2 - 4*x - 5. Suppose -7*s + 14 = -3*s - 2*d, 5*s + 3*d - 23 = 0. Suppose 0*i - s = i. What is v(i)?
-5
Let o(z) = -z**3 + 7*z**2 - 6*z - 8. Let g = -196 - -202. What is o(g)?
-8
Let y = -3 + -4. Let n(s) = -5*s + 5. Let i(r) = -12*r + 9. Let t(z) = y*n(z) + 3*i(z). Suppose -v - 15 = 4*a, v = 2*a + 3*v. Determine t(a).
-3
Let s(f) = -7*f + 4 - 2*f**2 - 11 + 3*f**2. Let m(d) = 4*d**2 + 8*d - 4. Let n be m(1). Give s(n).
1
Let m(l) = -19*l**2 + l - 19. Let b(h) = -h**3 + h**2. Let g(p) = -b(p) + m(p). Determine g(20).
1
Let b(a) = -3*a**2 - 11*a**2 + 12*a - 8*a**2 - 9*a**2 + 10 + 32*a**2. Determine b(-11).
-1
Let x(p) = -p**2 - 3*p + 1. Let t be x(-4). Let r(m) = -m**3 + 0*m**3 + 84*m + 84*m - 5*m**2 - 261*m + 89*m. What is r(t)?
-6
Suppose 0 = -5*b - 10, -b + 0*b = -5*p + 12. Let k(q) = -17*q**2 + 20*q - 50. Let h(c) = -6*c**2 + 7*c - 18. Let y(f) = 11*h(f) - 4*k(f). Calculate y(p).
4
Let z(r) = 33 + 12 - 7 - r - 18. What is z(23)?
-3
Let q be (6/(-10))/(1/(-5)). Let l(r) = q - r - 1 - r. Let o(s) = 2*s**2 + 28*s + 102. Let c be o(-8). Calculate l(c).
-10
Let a(j) = -j**2. Let n be -2*(-3)/(-6) - -3. Let g(b) = 2 - 4*b**n - b + 1 + b**2 - 3*b. Let f(r) = -2*a(r) + g(r). Determine f(-5).
-2
Let d = 89 - 85. Let t(j) = 0*j - 4 + 2 + 5*j + d. Suppose 1 + 1 = -l. Calculate t(l).
-8
Let x(m) = 3*m**3 - 2*m**2 - 3*m + 3. Suppose -24 = q - 65. Let i = q - 39. Determine x(i).
13
Suppose 0 = -2*u + 17*o - 20*o + 11, -3*u = o - 13. Let c(m) = -5*m + 4. Determine c(u).
-16
Let p be -4*1*81/12. Let m = p - -33. Let k(i) = -i**2 + 6*i - 8. What is k(m)?
-8
Let h(o) = -8*o - 169. Let r(q) = -3*q - 63. Let g(t) = -4*h(t) + 11*r(t). What is g(-21)?
4
Let d(l) be the third derivative of -7*l**4/24 - 2*l**3 - 666*l**2. Give d(-4).
16
Let l(n) = -n**3 - n**2 + 1. Let t(p) = p**3 + 5*p**2 - 6. Let y be (2 - -3)/(-4 - -3). Let i(j) = y*l(j) - t(j). Let m be 2/8 - (-3)/4. What is i(m)?
5
Let t(f) = f**3 + 7*f**2 - 6. Let m be (-172)/24 - 10/(-60). What is t(m)?
-6
Let l(t) be the first derivative of -t**6/360 + t**5/30 + 5*t**4/24 - 4*t**3/3 - 10. Let o(q) be the third derivative of l(q). Determine o(4).
5
Let y(q) = -q**3 - 6*q**2 - 2*q - 1. Let o be y(-6). Let j(g) = g**2 - 14*g + 11. Let u be j(12). Let x = u + o. Let h(i) = i**2 + 5*i + 3. Determine h(x).
-3
Let q(g) = g**3 + 5*g**2 - 7*g + 1. Suppose 16*b = 17*b + 6. Determine q(b).
7
Let m(j) = -j**3 + 6*j**2 + 8*j - 10. Suppose -x = 3*q - 8*q - 22, 4*q + 33 = 3*x. What is m(x)?
-3
Let g be 30/3*(-34)/85. Let t(o) = -2*o**2 - 5*o - 8. Give t(g).
-20
Let r(d) be the third derivative of -d**5/60 - 5*d**4/24 + 2*d**3/3 - 2*d**2. Let m be 21/4*16/6. Let a be (-10)/(-35) - 60/m. What is r(a)?
8
Let p(s) be the second derivative of s**5/20 - 5*s**4/12 - s**3 - 3*s**2/2 - 6*s. Let m be (-48)/(-36)*27/6. Determine p(m).
-3
Let h(d) = -4*d**2 - 19*d - 16. Let p(g) = 7*g**2 + 37*g + 33. Let t(i) = 5*h(i) + 3*p(i). Let y be t(-15). Let s(u) = u + 3 - 1 - 1 - y*u**2. Determine s(-1).
-4
Let d be (1/2 - -1)*(-20)/(-15). Let m(s) = -15*s**2 - s - 2 + 10*s**2 + 4*s**d. Give m(-3).
-8
Let x(n) be the first derivative of 13*n**3/3 + 8*n**2 - 37*n - 6. Let g(w) = 3*w**2 + 4*w - 9. Let l(z) = -9*g(z) + 2*x(z). Give l(-6).
-5
Let l(z) = z**3 - 20*z**2 - 23*z + 45. Let g be l(21). Let p(w) = 2*w**3 - 3*w**2 - 4*w + 3. Calculate p(g).
18
Let r(d) be the second derivative of 7*d**4/12 + 4*d**3/3 - 3*d**2/2 + 23*d. Let c(h) = 3*h**2 + 4*h - 2. Let o(g) = -5*c(g) + 2*r(g). Calculate o(-6).
-8
Let h(x) = 33*x - 7 - 106*x + 36*x + x**2 + 31*x. Let i = -7 - -14. Give h(i).
0
Let y(l) be the first derivative of -1/2*l**2 - 4*l - 13. Calculate y(-7).
3
Let p(z) be the third derivative of -z**4/6 - 2*z**3 + 4*z**2 - 34*z. Give p(-7).
16
Let u be ((-12)/3 + -31)*2/(-5). Let i(m) = -5*m - u + 9 + 4*m. Give i(-8).
3
Let k(i) = 7*i**2 + 4*i - 6. Let f(n) = 3*n**2 + n - 1. Let h(r) = 2*f(r) - k(r). Suppose 0 = -3*t + 2*t - 6. Calculate h(t).
-20
Let f(x) be the first derivative of x**7/280 - x**6/360 + 2*x**3/3 - 10. Let i(r) be the third derivative of f(r). Determine i(-1).
-4
Let p = 27 + 1. Suppose 0 = -z + 3*z + p. Let b = z + 11. Let l(y) = -y**3 - 5*y**2 - 2*y + 3. Calculate l(b).
-9
Suppose 3*f - 15 = 3*n, 5*f - 23 = n + 3*n. Suppose 3*d = 4*s - f - 2, -s = 2*d - 4. Let w(o) = -o - 1. Determine w(d).
-2
Let x(k) be the second derivative of -k**4/12 + 7*k**3/6 - 9*k**2/2 - 585*k. Give x(8).
-17
Let p = 1039 - 1037. Let a(q) be the third derivative of 0*q**4 - 7/6*q**3 + 1/12*q**5 - 1/120*q**6 - 3*q**p + 0 + 0*q. Calculate a(5).
-7
Suppose 14*p = -14*p + 84. Let q(v) = 2*v**2 - 4*v - 1. Calculate q(p).
5
Let l(j) be the third derivative of j**4/24 + 7*j**3/6 - 4*j**2. Let y = -13 - -18. Suppose y*n + 27 = 2. Give l(n).
2
Suppose 0 = 3*m + 3*l - 54, -2*l - l = -5*m + 50. Let n(k) = k**2 - 11*k - 21. Let o be n(m). Let p(u) = -u**3 + 6*u**2 - 4*u. Calculate p(o).
5
Let l(b) = -2*b**2 + 9*b + 24. Let j(m) = -m**2 + 5*m + 12. Let u = 39 + -30. Let r(d) = u*j(d) - 4*l(d). Calculate r(10).
2
Let r(p) = 11*p + 68. Suppose -4*j = 2*o - 4, 5*j + 1 = 21. Determine r(o).
2
Suppose 12 = -2*w + 4*c, -15 = -5*w + 8*c - 13*c. Let n(t) = t**2 + t - 23. Determine n(w).
-23
Let t(o) = -o**3 - 17*o**2 - 11*o - 1. Let z be t(-16). Let h be (-504)/z + 6/(-27). Let w(k) = 2*k - 9. Determine w(h).
3
Let f(y) be the first derivative of -3/2*y**2 + 0*y + 9 - 1/3*y**3. Suppose 0 = 5*b - b + 12. Determine f(b).
0
Let c(n) = -2*n**3 + 9*n**2 + 24*n + 27. Let h(s) = s**3 - 4*s**2 - 10*s - 14. Let r(l) = -3*c(l) - 7*h(l). Give r(0).
17
Let o(f) be the first derivative of f**4/4 - 2*f**3 + 3*f**2 + 6*f + 4. Let g(a) = -8*a - 3. Let c be g(-1). Determine o(c).
11
Suppose 0 = -7*d - 18*d + 200. Let l(t) be the first derivative of t**3/3 - 9*t**2/2 - 2*t + 5. Give l(d).
-10
Suppose -58*s = i - 63*s + 32, i + 8 = -3*s. Let d(c) = c**3 + 16*c**2 - 16*c + 23. What is d(i)?
6
Let y(w) = -w + 3. Let x be -4 + (-1 - (-10 - 0)). Let l = 9 - x. Calculate y(l).
-1
Let t(d) = -6*d + 45. Let x(a) = a - 7. Let n(f) = t(f) + 4*x(f). Calculate n(7).
3
Let j(q) be the first derivative of q**3 - q**2/2 + 453. Give j(-3).
30
Let s(k) = -2*k**3 - 14*k**2 + k + 16. Let m(b) = b**3 + 8*b**2 - 9. Let a(r) = 1